. Calculate z(k).
6
Let s(f) be the first derivative of -f**2 + 3*f - 3. Let o(x) = -x**3 + 2*x**2 + x. Let v be o(3). Let b = 11 + v. What is s(b)?
-7
Let p(a) = -8*a + 45. Suppose 5*b + 25 = 0, -3*b + 4*b + 17 = 2*d. Let n be p(d). Let i(o) = o**2 + 2*o - 2. Give i(n).
1
Suppose 5*z + 3*o = 59, 9 = 3*o - 0. Let t be 4/z - 16/(-10). Let a(h) be the third derivative of h**4/6 - h**3/2 - 24*h**2. What is a(t)?
5
Let x(r) be the first derivative of -r**4/2 - r**2 + r - 2. Suppose 1 = -4*t - 5*k, 2*t - k + 1 - 4 = 0. Give x(t).
-3
Let t be (-7)/(8/(-4) - -3). Let w = t - -11. Suppose w*x + 0*q - 3*q = -3, -4*q + 32 = 4*x. Let b(a) = 4*a - 3. Determine b(x).
9
Let a be (4 - (-1 + 4))*-3. Let z(n) be the first derivative of -3/2*n**2 + 1 - 2/3*n**3 - 3*n. Give z(a).
-12
Let o(p) = -13*p + 39*p - 22 + 60 - 19*p. Calculate o(-6).
-4
Let k(m) = 4*m + 1. Let w be (7/(-14))/((-9)/54). Give k(w).
13
Let d(q) = -340*q**2 - 11 - 344*q**2 + 9*q + 1026*q**2 - 343*q**2. What is d(10)?
-21
Let z(y) = 24*y - 25. Let c be z(1). Let t(p) = 11*p**2. Determine t(c).
11
Let q(z) = 4*z**3 - 2*z**2 - 5*z - 3. Let y(k) = 8*k**3 - 3*k**2 - 9*k - 5. Let j(s) = -5*q(s) + 3*y(s). Give j(-2).
-24
Let a(s) = s + 30. Let f be a(12). Let l(u) = 4 + 48*u**2 + u**3 - f*u**2 + 2 + 2*u. Give l(-6).
-6
Suppose -4*s + 2 = -3*s. Suppose 4 = s*z - 2. Let g(d) = -d - d**2 - 2*d - z*d + 2*d**2 + 1. Calculate g(5).
-4
Let v(k) = k**3 + 1. Let j = 69 + -72. Let s be (j - (-4 + -2)) + -4. Determine v(s).
0
Let h = 12 - 10. Let f be 1 - ((-6)/h + 0). Let x(u) = -3 - 3 - 4*u**2 + 0 - 2*u**3 + f - 3*u. Give x(-2).
4
Let i(f) be the third derivative of -f**4/12 + 14*f**2 - 1. Calculate i(3).
-6
Let j(d) = -d**3 - d**2 + 2. Let p be j(-2). Let s(q) be the third derivative of -q**4/24 + q**3/6 - 291*q**2 - 3. Calculate s(p).
-5
Let m(h) = -h - 4. Suppose 3*i = 7*i + 12. Let c be ((-80)/12)/(5/i - -1). Calculate m(c).
-14
Let t(m) be the third derivative of m**5/60 + m**4/3 - m**3/6 + 4*m**2. Let w be t(-8). Let b(k) = k + 3*k**2 - 7*k**3 - 2*k**2 + 0*k**2. Give b(w).
7
Suppose -2 = v - 3*v. Let f = 15 + -16. Let n be f - (1 + 1 - v). Let q(b) = b**3 + 3*b**2 + 1. What is q(n)?
5
Let k(j) be the second derivative of -j**4/12 + j**3/6 - 3*j**2/2 - 18*j. Let m(o) = -o**3 - 2*o**2 + 3*o - 16. Let v be m(-4). Calculate k(v).
-15
Let q(g) = -16*g**2 + 2*g + 6 + 0*g**2 + 3*g**2 + 14*g**2. Determine q(-5).
21
Let t = 11 + -11. Let u be (t/6)/(-2*1). Let b(j) = -j**3 - j**2 + 12. Determine b(u).
12
Let z = 271 + -275. Let k(a) = a**2 + 4*a + 4. Determine k(z).
4
Let c(g) = 6*g + 20. Let y(r) = r + 4. Let q(w) = -2*c(w) + 11*y(w). Let n = 13900 + -13894. Determine q(n).
-2
Let k(f) = f**2 - f. Suppose -56 = 5*q + 49. Let c be (-54)/21*98/q. Suppose 3*n + c = 3*y, 5*y + 3*n = 3 - 15. Calculate k(y).
0
Let f(o) = -o**3 - 4*o**2 + 5*o + 2. Let t be f(-5). Let z(m) = 2*m**2 - 3*m + 3. Calculate z(t).
5
Let m be 1*(2 + 5)*24/84. Let w(r) = -3 - 2 + r + m*r + 6. Determine w(4).
13
Suppose 1 = -2*h - 5. Let y = 11 - h. Suppose y = q + 18. Let a(k) = -k**3 - 5*k**2 - 2*k + 2. Calculate a(q).
-6
Suppose 0 = -2*i + l + 1, -5*l = 3*i - 6*i + 12. Let r(p) = -9*p + 2. Calculate r(i).
11
Let s(f) be the second derivative of 7*f**4/4 + f**3/3 - f**2/2 + 53*f. Calculate s(1).
22
Let j(t) = -t - 2 - 10*t + 11 + 12*t. Let y(z) be the first derivative of z**4/4 - z**3 - 2*z**2 - 3. Let c be y(4). Determine j(c).
9
Suppose -2*p + 10 = -0*p. Suppose -2*y + 4 + p = 5*c, 0 = -4*c - 3*y + 3. Let x(j) = -2 + 2 - j**2 - c*j - 1. Calculate x(-2).
1
Suppose -725*t = -713*t - 72. Let d(b) = b**3 - 6*b**2 - 3*b + 10. Calculate d(t).
-8
Let h(l) = l**3 + 4*l**2 + 4*l + 5. Let y(f) = f**3 + 3*f**2 + 3*f + 6. Let r(m) = 4*h(m) - 5*y(m). What is r(0)?
-10
Let q(p) = 2*p**3 - 3*p**2 - 6*p - 4. Let x be q(-1). Let a(n) = -5*n - 6. Determine a(x).
9
Let f(l) be the first derivative of 6*l**3 - l**2 - l + 185. Calculate f(-1).
19
Let a(c) = 10*c**3 - 3*c**2 + 4*c - 4. Let r(j) = 4*j**3 + j - 2. Let m(o) = a(o) - 3*r(o). Give m(-2).
4
Let b be 4/10 + 324/(-10). Let x = b + 18. Let w be x/(-8) + 2/8. Let u(v) = -2*v + 3. Calculate u(w).
-1
Suppose -4*s = 2*s + 78. Let b(a) = 2*a + 15. Determine b(s).
-11
Let d(h) be the third derivative of 1/2*h**3 + 0*h + 0 - 1/30*h**5 - 8*h**2 + 1/24*h**4. What is d(3)?
-12
Let g(q) = -141 + 71 + 63 + 2*q. Give g(10).
13
Let l(d) be the second derivative of -d**6/180 + d**5/120 + d**4/6 + d**3/3 + 7*d. Let a(k) be the second derivative of l(k). Calculate a(-3).
-17
Let k(g) = -1 - 7 + 13 - 3 - g. Calculate k(0).
2
Let z(v) = 3*v + 7. Suppose -13*s - 2*c - 14 = -10*s, -2*c - 8 = 2*s. Calculate z(s).
-11
Let m(t) be the first derivative of -t**3/3 - t**2 - 10*t - 71. Calculate m(0).
-10
Let w = 593 - 594. Let b(z) = -7*z**3 + z**2 - z - 2. Calculate b(w).
7
Let p(v) = 2*v**2 + 17*v - 9. Let j(a) = -a**2 - 9*a + 5. Let b(c) = 7*j(c) + 4*p(c). Suppose -27*n - 129 = -21. Determine b(n).
-5
Suppose -2 = -h - h. Let b(r) = 1 + 4*r - 6 - h. Let a(g) = -2*g + 8. Let i be a(2). Determine b(i).
10
Let q be -1 - 1*(-12)/4. Suppose -3*j - q*j = -40. Let g(b) = -14 + b**2 + 0*b - 3*b + j. Calculate g(5).
4
Let c(y) be the first derivative of 3*y**2 - 38*y + 688. Give c(7).
4
Let j(g) = g**2 - 10*g + 6. Let a be 8 - (5 + -6 + 2). Suppose -a*m + 9*m - 14 = 0. What is j(m)?
-15
Suppose -10 = -26*x + 27*x. Let k = x + 15. Let n(w) be the first derivative of w**4/4 - 5*w**3/3 - w**2/2 - 4. Give n(k).
-5
Let o(y) = y**3 + 9*y**2 + y + 10. Let j be o(-9). Let r(c) = -2*c + 3 + 13*c**2 + 12*c**2 - 2 - 6*c**2. Calculate r(j).
18
Let j(l) be the third derivative of l**5/60 + 3*l**4/8 - 10*l**3/3 - 24*l**2 + l. Determine j(-12).
16
Let c(g) = -g - 8. Let x be c(-8). Let t be -1*(-3 - -1) + x. Let a(f) = -2 + 3*f**2 + 5 - 4*f**2 - 1 + 2*f - t*f**3. Determine a(-2).
10
Let n(m) = m + 11. Suppose 3*w - 4*t = -9*t - 5, -8 = -4*w - 3*t. Suppose -3*i = -w*i - 12. Give n(i).
5
Let x(g) = g**3 + 7*g**2 + 8*g + 7. Let f be (-1)/(1/48*-2). Suppose -45*u = -49*u - f. Determine x(u).
-5
Let w = -387 - -389. Let f(t) = -2*t**3 + 3*t**2 - 3*t + 3. Determine f(w).
-7
Let y = 23 + -24. Let f(b) = -b - 3*b - 6*b. Calculate f(y).
10
Let u(a) = a**3 + 4*a**2 + a + 3. Suppose 9 = 2*w + 3. Let k(i) = -i**3 + 4*i**2 - 5*i + 2. Let p be k(w). Give u(p).
-1
Let c(x) = 24 - 95 + 28 - 6*x + 24 + 23. Give c(-4).
28
Let o(d) be the first derivative of d**3/3 - d**2 + d + 15. Let j(g) = -g**2 + g - 1. Let h(b) = 2*j(b) + 3*o(b). What is h(3)?
-2
Let t(s) = -s**2 + 8*s - 6. Suppose -2*d + 2 = -4. Suppose d*l = 2*f - 27 - 47, -5*l - 118 = 2*f. Let o = 29 + l. Calculate t(o).
9
Let m be 6*(0 + 3/(-6)). Let z be ((-3)/5)/((-3)/15). Let x(s) = z*s**3 + 3*s + 5 - 5*s**3 - 3*s**2 + s**3 - 6. What is x(m)?
-10
Let t(h) = h - 16. Let v(w) = -w + 15. Let a(o) = -3*t(o) - 4*v(o). What is a(6)?
-6
Let c(l) = -l. Let b = -56 + 59. Suppose b = -u + w, 0 = -3*u - w - 2*w - 15. Calculate c(u).
4
Let n(b) = -3*b. Let m be n(1). Let p(x) be the first derivative of x**2/2 - x - 5997. Give p(m).
-4
Let i(r) = r**3 - 3*r**2 + 10. Let y(j) = -j**2 + 1. Let d(x) = -i(x) + 3*y(x). Let o = -66 + 71. Suppose 2*k = 5*z - o, -2*k - 3 + 7 = 4*z. Give d(k).
-7
Suppose 0*y = h + 2*y - 6, -4*h + 15 = 5*y. Suppose 1 = -v, h*l = -3*l + v - 26. Let q(s) = s**3 + 9*s**2 + 10. What is q(l)?
10
Let t(v) = v + 9. Suppose 0 = -11*s + 5*s - 36. Let a be t(s). Let o(z) = -4*z**2 + 4*z**a - 5*z**3 - 3 - 4 + 6. Determine o(-4).
-1
Let w(p) = -p**3 + 3*p - 4. Suppose 2*u - 4 - 6 = 0. Let k = u + -7. Let t(b) = -b**2 - 2*b - 3. Let d be t(k). What is w(d)?
14
Let r(d) be the first derivative of -d**3/3 - 17*d**2/2 + 2*d - 361. Give r(-17).
2
Let n(b) be the second derivative of b**5/20 + b**4/4 - b**3 - b**2/2 - 221*b. Give n(-4).
7
Let q(l) = 2*l + 1. Let c(b) = -b**2 + 12*b + 1. Let w be c(12). Suppose -3*t + 10 = w. Let s be t/(-9) - (-8)/6. Give q(s).
3
Let w = -73 + 75. Let n(z) = -3*z + 9*z**w + 2 - z**3 - 5*z**2 - z**2. Calculate n(2).
0
Let s(n) be the second derivative of 5*n**3/2 - 3*n**2/2 - 64*n - 2. What is s(2)?
27
Let d(p) = 71*p**2 + 2 + 56*p**2 + 12*p - 128*p**2. Calculate d(12).
2
Let v(p) be the third derivative of -p**6/720 + p**5/120 - p**4/8 - 24*p**2. Let q(x) be the second deriv